. Give v(d).
1
Let n = 135 - 129. Let g(u) = -u**3 + 5*u**2 + 9*u - 6. Give g(n).
12
Let u(f) be the third derivative of f**3 + 0*f - 4*f**2 + 1/24*f**4 + 0. What is u(-5)?
1
Let n(l) = -2*l**3 + 3*l**2 - 2*l - 2. Let y = -2 + 2. Suppose y = 2*j - 7*j + 60. Suppose -5*g + j + 10 = -4*v, -2*g + 19 = -5*v. Give n(g).
-10
Suppose -4*f + 10*v = 5*v - 16, 3*f = -3*v + 12. Let h(r) be the third derivative of 0*r + 0 + 5/24*r**4 + 1/6*r**3 + 2*r**2 - 1/60*r**5. What is h(f)?
5
Let x(b) = -b**2 + 6*b. Let y(r) = 7*r + 3. Let i be y(0). Calculate x(i).
9
Let t(d) = 3*d**3 - 8*d**2 - 12*d - 2. Let p(q) = q**3 - q + 1. Let j(x) = -4*p(x) + t(x). Calculate j(-7).
1
Let n(v) = v**2 + 3*v - 1. Let a = -15 + 13. Let l be n(a). Let k(p) = -p**2 - 3*p - 4. Determine k(l).
-4
Suppose -4*k + 4 = -6*k. Let j(a) = 0*a**2 + 3 - a**2 - 2 - 2*a. Let l be j(k). Let h(b) = b**2 + b - 1. Determine h(l).
1
Let l = -2 + 2. Suppose -u + 5*p - 1 = 3*p, 3*u - 5*p = l. Suppose 2*h - 4*z + 37 = -3*h, -u*z = -15. Let s(q) = -q + 1. Give s(h).
6
Let a = 3 - 1. Let i(q) be the first derivative of a*q + 1/3*q**3 - 2 - q**2. Determine i(3).
5
Suppose 2 = -x + 3*x. Suppose 2*o - o - 2 = 0. Let h(u) = o + 1 - 2 - 4*u. Give h(x).
-3
Let x be 50/18 - (-6)/27. Let v(f) = -5*f**x - 1 + 2*f + 0*f + 0. Suppose -2 = -w - 1. What is v(w)?
-4
Suppose 0 = 4*z + 3*u - 10, -5*z = -u - 11 - 11. Let c(b) = 2*b**2 - 3*b + 3. Let f be c(2). Let d(j) = 0 - 2*j + 0 + f. Determine d(z).
-3
Let p(t) = -t. Let m be p(-3). Let f(j) = j**2 - 3*j + 2. Determine f(m).
2
Let h(w) = w**3 + 3*w**2 - 5*w + 3. Suppose a + 16 = -3*a. Let c be h(a). Let r = 11 - c. Let l(g) = -g**2 + 4*g + 1. Calculate l(r).
1
Let w(z) = -z + 6. Suppose 0 = 2*f - 2 - 8. Suppose g - f*g + 3*x = -21, -5*g + 2*x + 21 = 0. What is w(g)?
3
Suppose z + 2*j = -2 + 10, 5*j = -2*z + 18. Let g be z + (-2)/(-6)*3. Let o(r) = -g + 2*r**2 - r - 3*r**2 + 0*r. Give o(0).
-5
Let b be (-20)/(-15)*6/4. Let a(y) = 4 + 0*y**2 - y**3 - 5*y**b + 0*y**2 - 3 + 2*y. What is a(-5)?
-9
Let o(h) = 12 - 9*h - 11*h**2 - h**3 - 7 - 6. What is o(-10)?
-11
Let n(r) = -2*r + 11. Let i(w) = -5*w + 33. Let f(v) = -3*i(v) + 8*n(v). Give f(-7).
-4
Suppose 3*x = 21 - 6. Let j(u) be the second derivative of -u**3/6 - u. Give j(x).
-5
Let b be 10/3*(-12)/10. Let y be (1*6)/(6/b). Let j(c) be the first derivative of -c**4/4 - 4*c**3/3 + c**2 - 5. What is j(y)?
-8
Let i = -1 + 6. Let v(h) = -3*h**2 - 3*h - 3. Let c(s) = s**2. Let k(o) = -4*c(o) - v(o). Calculate k(i).
-7
Let y(z) = -z + 0*z + 5*z + 2. Give y(-2).
-6
Let s(m) = 8*m**3 + m**2 - m. Suppose 4*h - 40 = 3*f, -3*h - 3*f + 1 = 2*f. Suppose 0 = -h*a + 4*a + 3. Calculate s(a).
8
Let u(m) = -m**3 + 7*m**2 + 9*m - 3. Let j(x) = 4*x**3 - 21*x**2 - 28*x + 9. Let o(y) = -2*j(y) - 7*u(y). Calculate o(-6).
9
Let t(h) = h**2 + 3*h + 2. Let a(w) = -w**2 + 16*w - 18. Let j be a(15). Determine t(j).
2
Let t(a) = -a + 0*a**3 - 1 - 5*a**3 - 14*a**2 + 15*a**2. What is t(-1)?
6
Let s(h) be the third derivative of 0*h - 1/24*h**4 - 1/6*h**3 + 0 + 2*h**2. Let r be -1*(-2)/((-2)/(-5)). Determine s(r).
-6
Let g be (-6)/15 - (-22)/5. Let t(c) = 2 + 5 + c - 2 - 2. Calculate t(g).
7
Let o(i) = i**3 + i**2 - i + 2. Let n = -11 - -8. Let w be (-9)/n - (0 - -2). Let d be w - (1 - -2 - 0). Determine o(d).
0
Let w(f) be the first derivative of -f**3/3 + 9*f**2/2 - 5*f + 6. Determine w(8).
3
Let z(p) be the second derivative of 3*p**5/10 - p**3/3 - p**2/2 - p. Determine z(-1).
-5
Let u(v) = -v + 6*v**3 - v**3 + 0*v**3. Let p = -48 - -49. Determine u(p).
4
Suppose -2 + 8 = 2*u. Suppose -2 + 8 = -u*h. Let t(q) = -q**2 - q - 1. Calculate t(h).
-3
Let x(b) = 0*b**3 - b**3 - 2*b**2 - 7 + 2*b + 7*b**2. Let t be (-3)/(-9) - (-28)/6. Let u be (-6)/(-15) - (-23)/t. What is x(u)?
3
Let h(g) = g**2 + g + 8. Let x(l) = -l - 1. Let q(n) = h(n) + 4*x(n). Suppose -2*i = 2*r - 16, 0 = 2*r + 7*i - 3*i - 24. Give q(r).
8
Let x(t) be the third derivative of 0 - 1/30*t**5 + 0*t**4 + t**2 - 1/120*t**6 - 1/6*t**3 + 0*t. Calculate x(-2).
-1
Suppose -2 = -4*h + 2. Let d(z) = z. Let k(y) = y + 1. Let u(i) = h*k(i) + d(i). What is u(-3)?
-5
Suppose 0*m = 2*m + v - 13, 0 = -2*m + v + 3. Suppose u - 22 = -0*l - m*l, -2 = -l - 2*u. Let x(h) = -h**3 + 5*h**2 + 6*h - 4. What is x(l)?
-4
Let m(u) = u**3 + u**2 + u. Let f(d) = -4*d**3 - 6*d**2 - 6*d - 2. Let p = 3 - 4. Let k(l) = p*f(l) - 3*m(l). Let a be (-12)/20 - 21/15. Determine k(a).
0
Suppose 0 = 3*n + 2*h - 7, 2*n + 4*h - 2*h = 4. Let b(k) = 6*k - 2*k - n*k - 6*k**2 - 4*k**2. What is b(1)?
-9
Let r be -3 - -3*3/(-9). Let y(j) = -1 + 4*j + j**2 + 0*j - 2*j. Give y(r).
7
Let x(y) be the third derivative of -y**5/60 - y**4/12 + 2*y**3/3 - 7*y**2. Give x(-4).
-4
Let b = 12 + -11. Let f(m) be the first derivative of 2 + m - 1/2*m**2 + 1/2*m**4 - 1/3*m**3. What is f(b)?
1
Let z(n) = 13*n**3 + 5*n**2 + 3. Suppose 4*q = -3*d + 13, 2*q + d - 9 = -0*q. Let c(i) = -26*i**3 - 9*i**2 - 5. Let k(f) = q*z(f) + 4*c(f). What is k(-1)?
13
Let h(y) = -y**3 + 4*y**2 - 5. Let w(v) = -v - 1. Suppose 3*s + 2 + 7 = 0. Let z be w(s). Let c(m) = 2*m. Let f be c(z). Calculate h(f).
-5
Let w(l) = 3*l - 6 - 4 + 6*l**2 + 11. Calculate w(-2).
19
Suppose 0*d = 3*d. Suppose l + d = -4. Let o(g) be the third derivative of g**5/60 + g**4/6 + g**3/3 - 4*g**2. Determine o(l).
2
Let m(s) = 3 - 5 - 7*s**2 + 3*s + 2*s**3 + 6*s**2 - s**3. Calculate m(2).
8
Suppose -3*m + 11 = -5*k - 28, -5*k - 36 = -2*m. Let a(c) = -c - 7. Give a(k).
-1
Let k(h) = h**2 - 4*h - 1. Suppose 0 = 5*w + 2 - 17. Calculate k(w).
-4
Let d(a) = -a + 6. Let c be d(0). Let i(q) = 7*q**2 - c*q - 6 - 2*q - 8*q**2. What is i(-4)?
10
Let w(m) be the second derivative of 2*m**2 + 5/12*m**4 - m**3 + 0 - 1/20*m**5 - 2*m. Determine w(4).
-4
Let n be -4*(1 + 12/(-8)). Let g(c) = -2*c - 1 + 2*c**2 - 18*c**3 + n*c + 11*c**3. Determine g(1).
-6
Let d = -38 - -34. Let f(x) = 3*x - 4. Calculate f(d).
-16
Let v(c) = -5*c**2 - c + 6. Let z(o) = 11*o**2 + 1 - 8 + o - 5. Let f(u) = 13*v(u) + 6*z(u). Suppose 3*g = -6, -g - 3*g = 2*m. Give f(m).
-6
Let n = 5 - -4. Let u(w) = -w**2 + 7*w + 8. What is u(n)?
-10
Let v(n) be the first derivative of n**4/12 - 5*n**3/6 + 2*n**2 - 5*n - 1. Let k(f) be the first derivative of v(f). Calculate k(3).
-2
Let g be 1/(-5) - (-7)/28. Let d(n) be the second derivative of -n**2 - 2*n + 1/3*n**4 + 0 - 1/3*n**3 - g*n**5. Determine d(2).
2
Let r(s) = 2*s**2 + 5*s. Let m(g) = 2*g**2 + 5*g - 1. Suppose 0 = 5*i, p + 0*i - i = -4. Let o(b) = p*m(b) + 3*r(b). Let x be 0 - -2 - (-1 + 7). Determine o(x).
-8
Let j(x) be the third derivative of x**4/24 + 4*x**3/3 + 3*x**2. Suppose -3*z = -5*z - 10. What is j(z)?
3
Let k be (-6)/(-36) + (-62)/12. Let r(h) = h - 1. Let y(n) = -3*n + 3. Suppose 8 - 3 = 5*m, 4 = -3*g - 2*m. Let t(a) = g*y(a) + k*r(a). Calculate t(-3).
-4
Suppose 7*j = -4*j - 33. Let q(h) = h + 4. Calculate q(j).
1
Let l = -64 - -68. Let n(k) = -k**3 + 6*k**2 - 5*k - 4. Calculate n(l).
8
Let i be (-4 - (-1)/(-1))*1. Let g(l) = l**3 - 3*l**2 + l + 1. Let w be g(2). Let z = i - w. Let c(j) = j**2 + 2*j - 3. What is c(z)?
5
Let t(h) = 4*h + 6. Let v = -6 + 11. Suppose v = -u + 1. Calculate t(u).
-10
Let o(v) = 14*v**2 - 2*v - 1. Suppose 20 = -3*u + u. Let x = 9 + u. Calculate o(x).
15
Let n(k) = k**3 + 5*k**2 - 8*k - 9. Suppose 0 - 6 = -2*q. Let m = -9 + q. Calculate n(m).
3
Let w(a) be the first derivative of 1 - 1/2*a**2 + 7/6*a**3 + 0*a + 1/24*a**4. Let x(p) be the second derivative of w(p). Give x(-4).
3
Let s(z) = 4*z + 1. Let g = 14 - 15. What is s(g)?
-3
Let f(p) = -4*p - 11*p**3 - p**2 + 10*p**3 - 4*p**2 - 3. What is f(-2)?
-7
Let g(k) be the third derivative of 7*k**5/120 + k**4/6 + k**3/3 - 7*k**2. Let w(n) be the first derivative of g(n). Determine w(-3).
-17
Let i(s) = 5*s + 5. Let w(n) = -n - 1. Let t(j) = i(j) + 4*w(j). Let x(l) = l**2 + 5*l + 7. Let f be x(-6). Let u = -8 + f. What is t(u)?
6
Let r(a) = 2*a - 22. Let p(x) = x - 11. Let m(d) = -11*p(d) + 6*r(d). What is m(6)?
-5
Suppose 3*g - 56 = -g. Let u = g + -9. Let j(w) = w**2 - 2*w**3 + 2 + 1 - u*w**2 + w**3 + 4*w. What is j(-5)?
8
Let j(o) = -o**2 - 3*o + 2. Let n(q) = -2*q**2 - 5*q + 4. Let g(r) = -5*j(r) + 2*n(r). Determine g(-5).
-2
Let a(s) = -2*s + 4. Suppose -3*k + 0*k = 0. Suppose 3*y - 2*j - 6